What is the thousands digit of 29176?
9
What is the hundreds digit of 1681?
6
What is the hundreds digit of 2908?
9
What is the tens digit of 742?
4
What is the units digit of 2756?
6
What is the tens digit of 1201?
0
What is the units digit of 1505?
5
What is the thousands digit of 4358?
4
What is the hundreds digit of 72266?
2
What is the hundreds digit of 1469?
4
What is the tens digit of 10487?
8
What is the units digit of 89629?
9
What is the units digit of 80868?
8
What is the hundreds digit of 1570?
5
What is the tens digit of 22986?
8
What is the tens digit of 957?
5
What is the tens digit of 946?
4
What is the thousands digit of 4221?
4
What is the hundreds digit of 77246?
2
What is the units digit of 2379?
9
What is the units digit of 3018?
8
What is the units digit of 2456?
6
What is the hundreds digit of 703?
7
What is the units digit of 14682?
2
What is the tens digit of 1600?
0
What is the ten thousands digit of 10566?
1
What is the thousands digit of 1881?
1
What is the hundreds digit of 71793?
7
What is the units digit of 913?
3
What is the units digit of 411?
1
What is the hundreds digit of 819?
8
What is the hundred thousands digit of 119950?
1
What is the hundreds digit of 15335?
3
What is the tens digit of 588?
8
What is the tens digit of 723?
2
What is the tens digit of 1547?
4
What is the tens digit of 95566?
6
What is the hundreds digit of 28382?
3
What is the hundreds digit of 11220?
2
What is the thousands digit of 5630?
5
What is the thousands digit of 2639?
2
What is the units digit of 48?
8
What is the units digit of 23420?
0
What is the thousands digit of 1326?
1
What is the hundreds digit of 49988?
9
What is the units digit of 25951?
1
What is the hundreds digit of 1861?
8
What is the thousands digit of 3480?
3
What is the thousands digit of 1102?
1
What is the hundreds digit of 30086?
0
What is the units digit of 4879?
9
What is the tens digit of 2906?
0
What is the units digit of 11435?
5
What is the hundreds digit of 2513?
5
What is the thousands digit of 6474?
6
What is the thousands digit of 35130?
5
What is the units digit of 1?
1
What is the tens digit of 26197?
9
What is the units digit of 8341?
1
What is the units digit of 2704?
4
What is the thousands digit of 1908?
1
What is the hundreds digit of 32395?
3
What is the tens digit of 72?
7
What is the tens digit of 575?
7
What is the ten thousands digit of 41345?
4
What is the hundreds digit of 6847?
8
What is the thousands digit of 1792?
1
What is the units digit of 1803?
3
What is the thousands digit of 8002?
8
What is the tens digit of 3846?
4
What is the units digit of 939?
9
What is the tens digit of 4020?
2
What is the units digit of 27614?
4
What is the tens digit of 66141?
4
What is the thousands digit of 14068?
4
What is the tens digit of 40659?
5
What is the thousands digit of 5285?
5
What is the hundreds digit of 519?
5
What is the units digit of 3178?
8
What is the units digit of 5858?
8
What is the tens digit of 14288?
8
What is the thousands digit of 3433?
3
What is the tens digit of 3116?
1
What is the units digit of 4215?
5
What is the hundreds digit of 14751?
7
What is the thousands digit of 1011?
1
What is the thousands digit of 2899?
2
What is the thousands digit of 47079?
7
What is the tens digit of 1174?
7
What is the ten thousands digit of 57086?
5
What is the units digit of 23?
3
What is the tens digit of 647?
4
What is the tens digit of 32921?
2
What is the tens digit of 21967?
6
What is the units digit of 140597?
7
What is the units digit of 962?
2
What is the hundreds digit of 15393?
3
What is the ten thousands digit of 26236?
2
What is the units digit of 437?
7
What is the hundreds digit of 98796?
7
What is the thousands digit of 15162?
5
What is the units digit of 1605?
5
What is the ten thousands digit of 46286?
4
What is the hundreds digit of 3948?
9
What is the units digit of 3314?
4
What is the hundreds digit of 5498?
4
What is the units digit of 1966?
6
What is the thousands digit of 7524?
7
What is the hundreds digit of 1195?
1
What is the ten thousands digit of 34372?
3
What is the ten thousands digit of 73262?
7
What is the hundreds digit of 9310?
3
What is the tens digit of 6221?
2
What is the thousands digit of 10369?
0
What is the hundreds digit of 917?
9
What is the thousands digit of 2187?
2
What is the hundreds digit of 138387?
3
What is the units digit of 163?
3
What is the hundreds digit of 68066?
0
What is the thousands digit of 4926?
4
What is the thousands digit of 1808?
1
What is the ten thousands digit of 23849?
2
What is the units digit of 6060?
0
What is the hundreds digit of 484?
4
What is the units digit of 369?
9
What is the hundreds digit of 2253?
2
What is the tens digit of 218?
1
What is the units digit of 10725?
5
What is the units digit of 33108?
8
What is the tens digit of 9115?
1
What is the hundreds digit of 26808?
8
What is the hundreds digit of 3856?
8
What is the hundreds digit of 1378?
3
What is the hundreds digit of 4437?
4
What is the hundreds digit of 4498?
4
What is the units digit of 15353?
3
What is the tens digit of 1168?
6
What is the tens digit of 84147?
4
What is the hundreds digit of 4342?
3
What is the tens digit of 86617?
1
What is the thousands digit of 82793?
2
What is the hundreds digit of 166?
1
What is the units digit of 969?
9
What is the thousands digit of 3412?
3
What is the units digit of 6216?
6
What is the units digit of 959?
9
What is the hundreds digit of 508?
5
What is the tens digit of 1053?
5
What is the thousands digit of 2627?
2
What is the units digit of 3800?
0
What is the hundreds digit of 488?
4
What is the tens digit of 1231?
3
What is the tens digit of 695?
9
What is the thousands digit of 15285?
5
What is the tens digit of 270?
7
What is the hundreds digit of 2012?
0
What is the hundreds digit of 33101?
1
What is the thousands digit of 5349?
5
What is the thousands digit of 6782?
6
What is the hundred thousands digit of 105392?
1
What is the hundreds digit of 7396?
3
What is the tens digit of 5041?
4
What is the hundreds digit of 12186?
1
What is the tens digit of 26227?
2
What is the hundreds digit of 10984?
9
What is the units digit of 3105?
5
What is the units digit of 782?
2
What is the ten thousands digit of 13062?
1
What is the ten thousands digit of 160983?
6
What is the tens digit of 27607?
0
What is the units digit of 83294?
4
What is the tens digit of 2390?
9
What is the hundreds digit of 24110?
1
What is the hundreds digit of 460?
4
What is the units digit of 62528?
8
What is the tens digit of 55764?
6
What is the thousands digit of 8004?
8
What is the units digit of 514?
4
What is the units digit of 66289?
9
What is the units digit of 134912?
2
What is the tens digit of 29564?
6
What is the hundreds digit of 18810?
8
What is the ten thousands digit of 14760?
1
What is the units digit of 80170?
0
What is the thousands digit of 62415?
2
What is the hundreds digit of 434?
4
What is the units digit of 26895?
5
What is the thousands digit of 2588?
2
What is the units digit of 22989?
9
What is the thousands digit of 1199?
1
What is the thousands digit of 7836?
7
What is the units digit of 803?
3
What is the units digit of 1310?
0
What is the units digit of 1205?
5
What is the units digit of 1197?
7
What is the hundreds digit of 43504?
5
What is the thousands digit of 38500?
8
What is the units digit of 1442?
2
What is the units digit of 8061?
1
What is the tens digit of 15245?
4
What is the hundreds digit of 42988?
9
What is the hundreds digit of 15443?
4
What is the units digit of 1415?
5
What is the units digit of 8373?
3
What is the units digit of 67522?
2
What is the thousands digit of 5291?
5
What is the tens digit of 1782?
8
What is the tens digit of 46465?
6
What is the thousands digit of 2144?
2
What is the thousands digit of 7774?
7
What is the units digit of 588?
8
What is the thousands digit of 7589?
7
What is the units digit of 17587?
7
What is the hundreds digit of 7113?
1
What is the units digit of 32721?
1
What is the tens digit of 2606?
0
What is the tens digit of 2557?
5
What is the thousands digit of 7818?
7
What is the hundred thousands digit of 107759?
1
What is the tens digit of 48550?
5
What is the thousands digit of 5530